{"id":75,"date":"2016-06-14T15:41:12","date_gmt":"2016-06-14T13:41:12","guid":{"rendered":"http:\/\/www.archivbern.ch\/archivsuisse-wp\/?page_id=75"},"modified":"2024-10-02T13:04:55","modified_gmt":"2024-10-02T11:04:55","slug":"archive-betreuen","status":"publish","type":"page","link":"https:\/\/www.archivsuisse.ch\/test\/archivsuisse-wp\/index.php\/dienstleistungen\/archive-betreuen\/","title":{"rendered":"Archivbetreuung"},"content":{"rendered":"<p><\/p>\n<h1><strong>Massgeschneiderte Archivbetreuung<\/strong><\/h1>\n<p>Ihre Institution hat Interesse an der eigenen Geschichte? Sie m\u00f6chten diese f\u00fcr die Nachwelt bewahren und Nutzen aus den vorhandenen Unterlagen ziehen? Sie haben keine personellen Ressourcen, um dies gew\u00e4hrleisten zu k\u00f6nnen?<\/p>\n<p>archivsuisse unterst\u00fctzt Firmen, Verb\u00e4nde, \u00f6ffentliche Institutionen und Private beim Betreiben ihrer Archive mit Expertise und Erfahrung.<\/p>\n<h2><strong>archivsuisse<\/strong><\/h2>\n<ul>\n<li>definiert mit Ihnen die Prozesse, bestimmt die archivw\u00fcrdigen Unterlagen, Aufbewahrungsfristen und Zugriffsrechte.<\/li>\n<li>erschliesst Ihre Akten und gliedert sie in bestehende Best\u00e4nde ein.<\/li>\n<li>betreut f\u00fcr Sie Kundenanfragen, leiht Akten aus und lagert sie wieder ein.<\/li>\n<li>vernichtet Akten nach Ablauf der Aufbewahrungsfrist gesichert.<\/li>\n<li>digitalisiert gem\u00e4ss Ihren Bed\u00fcrfnissen und W\u00fcnschen.<\/li>\n<\/ul>\n<p><\/p>","protected":false},"excerpt":{"rendered":"<p>Massgeschneiderte Archivbetreuung Ihre Institution hat Interesse an der eigenen Geschichte? Sie m\u00f6chten diese f\u00fcr die Nachwelt bewahren und Nutzen aus<\/p>\n","protected":false},"author":6,"featured_media":427,"parent":58,"menu_order":0,"comment_status":"closed","ping_status":"closed","template":"template-fullwidth.php","meta":{"footnotes":""},"class_list":["post-75","page","type-page","status-publish","has-post-thumbnail","hentry"],"_links":{"self":[{"href":"https:\/\/www.archivsuisse.ch\/test\/archivsuisse-wp\/index.php\/wp-json\/wp\/v2\/pages\/75","targetHints":{"allow":["GET"]}}],"collection":[{"href":"https:\/\/www.archivsuisse.ch\/test\/archivsuisse-wp\/index.php\/wp-json\/wp\/v2\/pages"}],"about":[{"href":"https:\/\/www.archivsuisse.ch\/test\/archivsuisse-wp\/index.php\/wp-json\/wp\/v2\/types\/page"}],"author":[{"embeddable":true,"href":"https:\/\/www.archivsuisse.ch\/test\/archivsuisse-wp\/index.php\/wp-json\/wp\/v2\/users\/6"}],"replies":[{"embeddable":true,"href":"https:\/\/www.archivsuisse.ch\/test\/archivsuisse-wp\/index.php\/wp-json\/wp\/v2\/comments?post=75"}],"version-history":[{"count":21,"href":"https:\/\/www.archivsuisse.ch\/test\/archivsuisse-wp\/index.php\/wp-json\/wp\/v2\/pages\/75\/revisions"}],"predecessor-version":[{"id":4324,"href":"https:\/\/www.archivsuisse.ch\/test\/archivsuisse-wp\/index.php\/wp-json\/wp\/v2\/pages\/75\/revisions\/4324"}],"up":[{"embeddable":true,"href":"https:\/\/www.archivsuisse.ch\/test\/archivsuisse-wp\/index.php\/wp-json\/wp\/v2\/pages\/58"}],"wp:featuredmedia":[{"embeddable":true,"href":"https:\/\/www.archivsuisse.ch\/test\/archivsuisse-wp\/index.php\/wp-json\/wp\/v2\/media\/427"}],"wp:attachment":[{"href":"https:\/\/www.archivsuisse.ch\/test\/archivsuisse-wp\/index.php\/wp-json\/wp\/v2\/media?parent=75"}],"curies":[{"name":"wp","href":"https:\/\/api.w.org\/{rel}","templated":true}]}}