{"id":71,"date":"2016-06-14T15:35:51","date_gmt":"2016-06-14T13:35:51","guid":{"rendered":"http:\/\/www.archivbern.ch\/archivsuisse-wp\/?page_id=71"},"modified":"2023-06-21T10:21:50","modified_gmt":"2023-06-21T08:21:50","slug":"dokumente-scannen","status":"publish","type":"page","link":"https:\/\/www.archivsuisse.ch\/test\/archivsuisse-wp\/index.php\/dienstleistungen\/dokumente-scannen\/","title":{"rendered":"Digitalisieren"},"content":{"rendered":"<p><\/p>\n<h1>Digitalisieren<\/h1>\n<p>Sie ben\u00f6tigen analoge Unterlagen in digitaler Form, mit unmittelbarem und unkompliziertem Zugriff, ohne erst in einem physischen Archiv vor Ort danach suchen zu m\u00fcssen? Sie wollen Ihre alten Bildsch\u00e4tze einem Publikum zug\u00e4nglich machen?<br \/>\nWir unterst\u00fctzen Sie bei Ihrem Digitalisierungsvorhaben mit unseren Experten und unserer modernen Scan-Infrastruktur unter Einhaltung h\u00f6chster Qualit\u00e4ts- und Sicherheitsstandards.<br \/>\nVon der Auswahl der zu digitalisierenden Dokumente, \u00fcber die eigentliche Digitalisierung nach Ihren Spezifikationen, bis hin zur <a href=\"https:\/\/www.archivsuisse.ch\/index.php\/unterlagen-akten-archivieren-archivsystem\/records-management-gever\/\" target=\"_blank\" rel=\"noopener\">Ablage und Betreuung ihrer digitalen Ablage<\/a> oder der <a href=\"https:\/\/www.archivsuisse.ch\/index.php\/dienstleistungen\/digital-archivieren\/\" target=\"_blank\" rel=\"noopener\">langfristigen digitalen Aufbewahrung Ihrer Digitalisate<\/a>.<\/p>\n<h2>archivsuisse<\/h2>\n<ul>\n<li>\u00fcbernimmt f\u00fcr Sie Massen-Scannings: Beliebig grosse Dokumentenbest\u00e4nde werden rasch, schonend und zuverl\u00e4ssig digitalisiert, mit Metadaten strukturiert und in Ihr Gesch\u00e4ftsverwaltungssystem \u00fcberf\u00fchrt.<\/li>\n<li>digitalisiert Ihre Pl\u00e4ne (A0 und gr\u00f6sser).<\/li>\n<li>hat mit dem <a href=\"https:\/\/www.archivsuisse.ch\/archivsuisse-wp\/wp-content\/uploads\/2023\/06\/MG_9581_beschnitten-scaled.jpg\">book2net Mosquito<\/a> die Infrastruktur f\u00fcr die konservatorisch angemessene schonende Digitalisierung von alten Einb\u00e4nden und B\u00fcchern.<\/li>\n<li>bietet mit dem \u201eScanning on demand\u201c eine kosteng\u00fcnstige Alternative: Archivieren Sie Ihre Papierakten in den Archivr\u00e4umen von archivsuisse und lassen Sie sich ausgew\u00e4hlte Akten im Bedarfsfall innerhalb k\u00fcrzester Zeit digitalisieren und zustellen.<\/li>\n<li>speichert Ihre Digitalisate auf <a href=\"https:\/\/www.archivsuisse.ch\/index.php\/dienstleistungen\/digital-archivieren\/offline-archivierung-auf-piqlfilm\/\" target=\"_blank\" rel=\"noopener\">Film<\/a> und macht sie langzeittauglich.<\/li>\n<\/ul>\n<p><\/p>","protected":false},"excerpt":{"rendered":"<p>Digitalisieren Sie ben\u00f6tigen analoge Unterlagen in digitaler Form, mit unmittelbarem und unkompliziertem Zugriff, ohne erst in einem physischen Archiv vor<\/p>\n","protected":false},"author":1,"featured_media":431,"parent":58,"menu_order":0,"comment_status":"closed","ping_status":"closed","template":"template-fullwidth.php","meta":{"footnotes":""},"class_list":["post-71","page","type-page","status-publish","has-post-thumbnail","hentry"],"_links":{"self":[{"href":"https:\/\/www.archivsuisse.ch\/test\/archivsuisse-wp\/index.php\/wp-json\/wp\/v2\/pages\/71","targetHints":{"allow":["GET"]}}],"collection":[{"href":"https:\/\/www.archivsuisse.ch\/test\/archivsuisse-wp\/index.php\/wp-json\/wp\/v2\/pages"}],"about":[{"href":"https:\/\/www.archivsuisse.ch\/test\/archivsuisse-wp\/index.php\/wp-json\/wp\/v2\/types\/page"}],"author":[{"embeddable":true,"href":"https:\/\/www.archivsuisse.ch\/test\/archivsuisse-wp\/index.php\/wp-json\/wp\/v2\/users\/1"}],"replies":[{"embeddable":true,"href":"https:\/\/www.archivsuisse.ch\/test\/archivsuisse-wp\/index.php\/wp-json\/wp\/v2\/comments?post=71"}],"version-history":[{"count":38,"href":"https:\/\/www.archivsuisse.ch\/test\/archivsuisse-wp\/index.php\/wp-json\/wp\/v2\/pages\/71\/revisions"}],"predecessor-version":[{"id":4141,"href":"https:\/\/www.archivsuisse.ch\/test\/archivsuisse-wp\/index.php\/wp-json\/wp\/v2\/pages\/71\/revisions\/4141"}],"up":[{"embeddable":true,"href":"https:\/\/www.archivsuisse.ch\/test\/archivsuisse-wp\/index.php\/wp-json\/wp\/v2\/pages\/58"}],"wp:featuredmedia":[{"embeddable":true,"href":"https:\/\/www.archivsuisse.ch\/test\/archivsuisse-wp\/index.php\/wp-json\/wp\/v2\/media\/431"}],"wp:attachment":[{"href":"https:\/\/www.archivsuisse.ch\/test\/archivsuisse-wp\/index.php\/wp-json\/wp\/v2\/media?parent=71"}],"curies":[{"name":"wp","href":"https:\/\/api.w.org\/{rel}","templated":true}]}}