{"id":58,"date":"2021-12-14T13:30:32","date_gmt":"2021-12-14T12:30:32","guid":{"rendered":"http:\/\/www.archivbern.ch\/archivsuisse-wp\/?page_id=58"},"modified":"2022-02-15T10:05:02","modified_gmt":"2022-02-15T09:05:02","slug":"dienstleistungen","status":"publish","type":"page","link":"https:\/\/www.archivsuisse.ch\/test\/archivsuisse-wp\/index.php\/dienstleistungen\/","title":{"rendered":"Dienstleistungen"},"content":{"rendered":"<p><\/p>\n<h1>Wir beraten Sie<\/h1>\n<p>Im Keller stapeln sich die Akten wild auf den Regalen, die File-Ablage \u00fcberbordet, Sie wissen nicht mit Sicherheit, welche Dokumente sie behalten m\u00fcssen und welche sie l\u00f6schen resp. entsorgen k\u00f6nnen?<\/p>\n<p>Wir entwickeln gemeinsam mit Ihnen eine nachhaltige Archivl\u00f6sung, die alle gesetzlichen Anforderungen erf\u00fcllt und f\u00fcr Sie in der Praxis Mehrwert schafft.<\/p>\n<h2><strong>archivsuisse<\/strong><\/h2>\n<ul>\n<li>analysiert die bestehende Archivsituation und die Dossierablage bei Ihnen vor Ort.<\/li>\n<li>entwickelt die f\u00fcr Sie passende Archivl\u00f6sung; von punktuellen Massnahmen bis zur neuen Komplettl\u00f6sung.<\/li>\n<li>bestimmt archivw\u00fcrdige Unterlagen, Aufbewahrungsfristen und Zugriffsrechte.<\/li>\n<li>unterst\u00fctzt Sie mit Fachwissen und je nach Bedarf mit Raum, Speicherplatz und\/oder Personal.<\/li>\n<li>definiert mit Ihnen die Prozesse f\u00fcr eine nachhaltige Archivbewirtschaftung.<\/li>\n<li>\u00fcbernimmt f\u00fcr Sie das Projektmanagement.<\/li>\n<li>befolgt die aktuellen Normen und Standards betreffend Archivierung, Informationsmanagement und Scanning.<\/li>\n<\/ul>\n<p>&nbsp;<\/p>\n<h2 class=\"p3\" style=\"text-align: left;\">Unsere Dienstleistungen im \u00dcberblick:<\/h2>\n<p style=\"text-align: center;\"><iframe loading=\"lazy\" src=\"https:\/\/www.youtube.com\/embed\/lHRnOrgmhbE?rel=0&amp;showinfo=0\" width=\"510\" height=\"265\" frameborder=\"0\" allowfullscreen=\"allowfullscreen\"><\/iframe><\/p>\n<p><\/p>","protected":false},"excerpt":{"rendered":"<p>Wir beraten Sie Im Keller stapeln sich die Akten wild auf den Regalen, die File-Ablage \u00fcberbordet, Sie wissen nicht mit<\/p>\n","protected":false},"author":6,"featured_media":436,"parent":0,"menu_order":0,"comment_status":"closed","ping_status":"closed","template":"template-fullwidth.php","meta":{"footnotes":""},"class_list":["post-58","page","type-page","status-publish","has-post-thumbnail","hentry"],"_links":{"self":[{"href":"https:\/\/www.archivsuisse.ch\/test\/archivsuisse-wp\/index.php\/wp-json\/wp\/v2\/pages\/58","targetHints":{"allow":["GET"]}}],"collection":[{"href":"https:\/\/www.archivsuisse.ch\/test\/archivsuisse-wp\/index.php\/wp-json\/wp\/v2\/pages"}],"about":[{"href":"https:\/\/www.archivsuisse.ch\/test\/archivsuisse-wp\/index.php\/wp-json\/wp\/v2\/types\/page"}],"author":[{"embeddable":true,"href":"https:\/\/www.archivsuisse.ch\/test\/archivsuisse-wp\/index.php\/wp-json\/wp\/v2\/users\/6"}],"replies":[{"embeddable":true,"href":"https:\/\/www.archivsuisse.ch\/test\/archivsuisse-wp\/index.php\/wp-json\/wp\/v2\/comments?post=58"}],"version-history":[{"count":97,"href":"https:\/\/www.archivsuisse.ch\/test\/archivsuisse-wp\/index.php\/wp-json\/wp\/v2\/pages\/58\/revisions"}],"predecessor-version":[{"id":2436,"href":"https:\/\/www.archivsuisse.ch\/test\/archivsuisse-wp\/index.php\/wp-json\/wp\/v2\/pages\/58\/revisions\/2436"}],"wp:featuredmedia":[{"embeddable":true,"href":"https:\/\/www.archivsuisse.ch\/test\/archivsuisse-wp\/index.php\/wp-json\/wp\/v2\/media\/436"}],"wp:attachment":[{"href":"https:\/\/www.archivsuisse.ch\/test\/archivsuisse-wp\/index.php\/wp-json\/wp\/v2\/media?parent=58"}],"curies":[{"name":"wp","href":"https:\/\/api.w.org\/{rel}","templated":true}]}}