{"id":17,"date":"2016-05-30T15:38:40","date_gmt":"2016-05-30T13:38:40","guid":{"rendered":"http:\/\/www.archivbern.ch\/archivsuisse-wp\/?page_id=17"},"modified":"2025-01-23T15:20:55","modified_gmt":"2025-01-23T14:20:55","slug":"ueber-uns","status":"publish","type":"page","link":"https:\/\/www.archivsuisse.ch\/test\/archivsuisse-wp\/index.php\/ueber-uns\/","title":{"rendered":"\u00dcber uns"},"content":{"rendered":"<p><\/p>\n<h1 class=\"p1\">archivsuisse: kompetent, erfahren, schweizweit t\u00e4tig<\/h1>\n<p class=\"p4\">archivsuisse ist ein national f\u00fchrender Anbieter von Gesamt- und Speziall\u00f6sungen f\u00fcr digitale, physische und hybride Archivierung in der Schweiz - inhabergef\u00fchrt seit 16 Jahren. Wir sind lokal verankert in Bern und Z\u00fcrich, regional vernetzt und schweizweit t\u00e4tig.<\/p>\n<p>Zu unseren Kunden z\u00e4hlen KMU wie Grosskonzerne (Banken, Energieversorger, Engineering und weitere), Verb\u00e4nde, \u00f6ffentliche Institutionen, eidgen\u00f6ssische, kantonale und kommunale Verwaltungen, Arztpraxen, Anwaltskanzleien und Privatpersonen.<\/p>\n<p>archivsuisse besch\u00e4ftigt rund 25 Mitarbeitende an zwei Standorten in Kehrsatz bei Bern und im Raum Z\u00fcrich.<\/p>\n<ul>\n<li><a href=\"https:\/\/www.archivsuisse.ch\/index.php\/ueber-uns\/team\/\">Team<\/a><\/li>\n<li><a href=\"https:\/\/www.archivsuisse.ch\/index.php\/ueber-uns\/portraet\/\">Portr\u00e4t<\/a><\/li>\n<li><a href=\"https:\/\/www.archivsuisse.ch\/index.php\/ueber-uns\/unternehmensverantwortung\/\">Unternehmensverantwortung<\/a><\/li>\n<li><a href=\"https:\/\/www.archivsuisse.ch\/index.php\/ueber-uns\/stellen\/\">Stellen<\/a><\/li>\n<\/ul>\n<p><\/p>","protected":false},"excerpt":{"rendered":"<p>archivsuisse: kompetent, erfahren, schweizweit t\u00e4tig archivsuisse ist ein national f\u00fchrender Anbieter von Gesamt- und Speziall\u00f6sungen f\u00fcr digitale, physische und hybride<\/p>\n","protected":false},"author":6,"featured_media":522,"parent":0,"menu_order":0,"comment_status":"closed","ping_status":"closed","template":"template-fullwidth.php","meta":{"footnotes":""},"class_list":["post-17","page","type-page","status-publish","has-post-thumbnail","hentry"],"_links":{"self":[{"href":"https:\/\/www.archivsuisse.ch\/test\/archivsuisse-wp\/index.php\/wp-json\/wp\/v2\/pages\/17","targetHints":{"allow":["GET"]}}],"collection":[{"href":"https:\/\/www.archivsuisse.ch\/test\/archivsuisse-wp\/index.php\/wp-json\/wp\/v2\/pages"}],"about":[{"href":"https:\/\/www.archivsuisse.ch\/test\/archivsuisse-wp\/index.php\/wp-json\/wp\/v2\/types\/page"}],"author":[{"embeddable":true,"href":"https:\/\/www.archivsuisse.ch\/test\/archivsuisse-wp\/index.php\/wp-json\/wp\/v2\/users\/6"}],"replies":[{"embeddable":true,"href":"https:\/\/www.archivsuisse.ch\/test\/archivsuisse-wp\/index.php\/wp-json\/wp\/v2\/comments?post=17"}],"version-history":[{"count":82,"href":"https:\/\/www.archivsuisse.ch\/test\/archivsuisse-wp\/index.php\/wp-json\/wp\/v2\/pages\/17\/revisions"}],"predecessor-version":[{"id":4416,"href":"https:\/\/www.archivsuisse.ch\/test\/archivsuisse-wp\/index.php\/wp-json\/wp\/v2\/pages\/17\/revisions\/4416"}],"wp:featuredmedia":[{"embeddable":true,"href":"https:\/\/www.archivsuisse.ch\/test\/archivsuisse-wp\/index.php\/wp-json\/wp\/v2\/media\/522"}],"wp:attachment":[{"href":"https:\/\/www.archivsuisse.ch\/test\/archivsuisse-wp\/index.php\/wp-json\/wp\/v2\/media?parent=17"}],"curies":[{"name":"wp","href":"https:\/\/api.w.org\/{rel}","templated":true}]}}