{"id":1603,"date":"2018-11-19T17:23:37","date_gmt":"2018-11-19T16:23:37","guid":{"rendered":"https:\/\/www.archivsuisse.ch\/?page_id=1603"},"modified":"2026-01-08T21:57:25","modified_gmt":"2026-01-08T20:57:25","slug":"portraet","status":"publish","type":"page","link":"https:\/\/www.archivsuisse.ch\/index.php\/ueber-uns\/portraet\/","title":{"rendered":"Portr\u00e4t"},"content":{"rendered":"<p><\/p>\n<h1>Geschichte<\/h1>\n<p>Im Jahre 2006 gr\u00fcndeten Historikerinnen und Historiker zusammen mit Archivfachleuten unter dem Namen archivbern die Berner Archiv AG, mit Standort Kehrsatz bei Bern. Das stete Wachstum des Kundenstamms und die Weiterentwicklung der Kompetenzen f\u00fchrten in logischer Konsequenz zur r\u00e4umlichen Ausweitung des T\u00e4tigkeitsgebiets.<\/p>\n<p>Im Jahr 2010 erweiterte archivbern seinen Rayon durch die Vergabe einer Lizenz an einen Partner, welcher unter dem Markennamen archivz\u00fcrich den Grossraum Z\u00fcrich abdeckte. Von Beginn weg konnte sich archivz\u00fcrich am Markt etablieren und seinen Kundenstamm \u00fcber die Jahre kontinuierlich erweitern.<\/p>\n<h3>Namenswechsel zu archivsuisse<\/h3>\n<p>2016 wurde archivbern und archivz\u00fcrich zu archivsuisse, wodurch einerseits der eindeutige Bezug zur Schweiz und andererseits das geographische T\u00e4tigkeitsgebiet festgeschrieben wurde. archivsuisse \u2013 sicher, kompetent, pers\u00f6nlich.<\/p>\n<p>Per Ende 2024 wurde das Lizenzverh\u00e4ltnis mit dem Partner in Z\u00fcrich aufgel\u00f6st. Seit Anfang 2025 wird der Markt im Raum Z\u00fcrich in Eigenregie bearbeitet.<\/p>\n<h3>Qualit\u00e4tsanspr\u00fcche von archivsuisse<\/h3>\n<p>Als einziger rein schweizerischer Anbieter, welcher das gesamte Dienstleistungsspektrum im T\u00e4tigkeitsbereich Archivierung anbieten kann, stehen wir f\u00fcr Qualit\u00e4t. Wir legen Wert auf hohe <a href=\"https:\/\/www.archivsuisse.ch\/index.php\/sicherheit\/sicherheitstandards\/\">Sicherheitsstandards<\/a>, kompetente, pers\u00f6nliche Beratung und Diskrektion. Um dies jederzeit garantieren und nachweisen zu k\u00f6nnen, verf\u00fcgen wir \u00fcber verschiedene <a href=\"https:\/\/www.archivsuisse.ch\/index.php\/sicherheit\/zertifizierungen\/\">Zertifizierungen<\/a>. archivsuisse ist zertifiziert in Qualit\u00e4tsmanagementsystem ISO 9001 sowie in VDSZ Datenschutzmanagementsystem.<\/p>\n<h3>Verwaltungsrat<\/h3>\n<p><a href=\"https:\/\/www.archivsuisse.ch\/wp-content\/uploads\/2019\/12\/Manuel-Ruchti-e1575290078973.jpg\"><img loading=\"lazy\" decoding=\"async\" class=\"alignleft wp-image-2137 size-full\" src=\"https:\/\/www.archivsuisse.ch\/archivsuisse-wp\/wp-content\/uploads\/2019\/12\/Manuel-Ruchti-e1575290078973.jpg\" alt=\"Portr\u00e4t Manuel Ruchti\" width=\"250\" height=\"167\" \/><\/a><\/p>\n<p><strong>Manuel Ruchti<\/strong><br \/>\nMitinhaber und Verwaltungsratspr\u00e4sident<\/p>\n<p>&nbsp;<\/p>\n<p>&nbsp;<\/p>\n<p><img loading=\"lazy\" decoding=\"async\" class=\"wp-image-2400 alignleft\" src=\"https:\/\/www.archivsuisse.ch\/archivsuisse-wp\/wp-content\/uploads\/2021\/07\/IMG_7954-300x211.jpg\" alt=\"\" width=\"250\" height=\"176\" srcset=\"https:\/\/www.archivsuisse.ch\/archivsuisse-wp\/wp-content\/uploads\/2021\/07\/IMG_7954-300x211.jpg 300w, https:\/\/www.archivsuisse.ch\/archivsuisse-wp\/wp-content\/uploads\/2021\/07\/IMG_7954-1140x803.jpg 1140w, https:\/\/www.archivsuisse.ch\/archivsuisse-wp\/wp-content\/uploads\/2021\/07\/IMG_7954-1536x1082.jpg 1536w, https:\/\/www.archivsuisse.ch\/archivsuisse-wp\/wp-content\/uploads\/2021\/07\/IMG_7954-2048x1442.jpg 2048w\" sizes=\"auto, (max-width: 250px) 100vw, 250px\" \/><strong>Philipp Perego<\/strong><br \/>\nMitinhaber und Verwaltungsrat<\/p>\n<p>&nbsp;<\/p>\n<p>&nbsp;<\/p>\n<p><img loading=\"lazy\" decoding=\"async\" class=\"alignleft wp-image-3261\" src=\"https:\/\/www.archivsuisse.ch\/archivsuisse-wp\/wp-content\/uploads\/2022\/03\/vonWerdt_Christophe__2016_Portraet-300x200.jpg\" alt=\"\" width=\"250\" height=\"166\" srcset=\"https:\/\/www.archivsuisse.ch\/archivsuisse-wp\/wp-content\/uploads\/2022\/03\/vonWerdt_Christophe__2016_Portraet-300x200.jpg 300w, https:\/\/www.archivsuisse.ch\/archivsuisse-wp\/wp-content\/uploads\/2022\/03\/vonWerdt_Christophe__2016_Portraet.jpg 329w\" sizes=\"auto, (max-width: 250px) 100vw, 250px\" \/><\/p>\n<p><strong>Dr. Christophe v. Werdt<\/strong><br \/>\nMitinhaber und Verwaltungsrat<\/p>\n<p>&nbsp;<\/p>\n<p>&nbsp;<\/p>","protected":false},"excerpt":{"rendered":"<p>Geschichte Im Jahre 2006 gr\u00fcndeten Historikerinnen und Historiker zusammen mit Archivfachleuten unter dem Namen archivbern die Berner Archiv AG, mit<\/p>\n","protected":false},"author":1,"featured_media":432,"parent":17,"menu_order":0,"comment_status":"closed","ping_status":"closed","template":"template-fullwidth.php","meta":{"footnotes":""},"class_list":["post-1603","page","type-page","status-publish","has-post-thumbnail","hentry"],"_links":{"self":[{"href":"https:\/\/www.archivsuisse.ch\/index.php\/wp-json\/wp\/v2\/pages\/1603","targetHints":{"allow":["GET"]}}],"collection":[{"href":"https:\/\/www.archivsuisse.ch\/index.php\/wp-json\/wp\/v2\/pages"}],"about":[{"href":"https:\/\/www.archivsuisse.ch\/index.php\/wp-json\/wp\/v2\/types\/page"}],"author":[{"embeddable":true,"href":"https:\/\/www.archivsuisse.ch\/index.php\/wp-json\/wp\/v2\/users\/1"}],"replies":[{"embeddable":true,"href":"https:\/\/www.archivsuisse.ch\/index.php\/wp-json\/wp\/v2\/comments?post=1603"}],"version-history":[{"count":51,"href":"https:\/\/www.archivsuisse.ch\/index.php\/wp-json\/wp\/v2\/pages\/1603\/revisions"}],"predecessor-version":[{"id":4633,"href":"https:\/\/www.archivsuisse.ch\/index.php\/wp-json\/wp\/v2\/pages\/1603\/revisions\/4633"}],"up":[{"embeddable":true,"href":"https:\/\/www.archivsuisse.ch\/index.php\/wp-json\/wp\/v2\/pages\/17"}],"wp:featuredmedia":[{"embeddable":true,"href":"https:\/\/www.archivsuisse.ch\/index.php\/wp-json\/wp\/v2\/media\/432"}],"wp:attachment":[{"href":"https:\/\/www.archivsuisse.ch\/index.php\/wp-json\/wp\/v2\/media?parent=1603"}],"curies":[{"name":"wp","href":"https:\/\/api.w.org\/{rel}","templated":true}]}}

Porträt

<p></p>
<h1>Geschichte</h1>
<p>Im Jahre 2006 gründeten Historikerinnen und Historiker zusammen mit Archivfachleuten unter dem Namen archivbern die Berner Archiv AG, mit Standort Kehrsatz bei Bern. Das stete Wachstum des Kundenstamms und die Weiterentwicklung der Kompetenzen führten in logischer Konsequenz zur räumlichen Ausweitung des Tätigkeitsgebiets.</p>
<p>Im Jahr 2010 erweiterte archivbern seinen Rayon durch die Vergabe einer Lizenz an einen Partner, welcher unter dem Markennamen archivzürich den Grossraum Zürich abdeckte. Von Beginn weg konnte sich archivzürich am Markt etablieren und seinen Kundenstamm über die Jahre kontinuierlich erweitern.</p>
<h3>Namenswechsel zu archivsuisse</h3>
<p>2016 wurde archivbern und archivzürich zu archivsuisse, wodurch einerseits der eindeutige Bezug zur Schweiz und andererseits das geographische Tätigkeitsgebiet festgeschrieben wurde. archivsuisse – sicher, kompetent, persönlich.</p>
<p>Per Ende 2024 wurde das Lizenzverhältnis mit dem Partner in Zürich aufgelöst. Seit Anfang 2025 wird der Markt im Raum Zürich in Eigenregie bearbeitet.</p>
<h3>Qualitätsansprüche von archivsuisse</h3>
<p>Als einziger rein schweizerischer Anbieter, welcher das gesamte Dienstleistungsspektrum im Tätigkeitsbereich Archivierung anbieten kann, stehen wir für Qualität. Wir legen Wert auf hohe <a href="https://www.archivsuisse.ch/index.php/sicherheit/sicherheitstandards/">Sicherheitsstandards</a>, kompetente, persönliche Beratung und Diskrektion. Um dies jederzeit garantieren und nachweisen zu können, verfügen wir über verschiedene <a href="https://www.archivsuisse.ch/index.php/sicherheit/zertifizierungen/">Zertifizierungen</a>. archivsuisse ist zertifiziert in Qualitätsmanagementsystem ISO 9001 sowie in VDSZ Datenschutzmanagementsystem.</p>
<h3>Verwaltungsrat</h3>
<p><a href="https://www.archivsuisse.ch/wp-content/uploads/2019/12/Manuel-Ruchti-e1575290078973.jpg"><img loading="lazy" decoding="async" class="alignleft wp-image-2137 size-full" src="https://www.archivsuisse.ch/archivsuisse-wp/wp-content/uploads/2019/12/Manuel-Ruchti-e1575290078973.jpg" alt="Porträt Manuel Ruchti" width="250" height="167" /></a></p>
<p><strong>Manuel Ruchti</strong><br />
Mitinhaber und Verwaltungsratspräsident</p>
<p>&nbsp;</p>
<p>&nbsp;</p>
<p><img loading="lazy" decoding="async" class="wp-image-2400 alignleft" src="https://www.archivsuisse.ch/archivsuisse-wp/wp-content/uploads/2021/07/IMG_7954-300x211.jpg" alt="" width="250" height="176" srcset="https://www.archivsuisse.ch/archivsuisse-wp/wp-content/uploads/2021/07/IMG_7954-300x211.jpg 300w, https://www.archivsuisse.ch/archivsuisse-wp/wp-content/uploads/2021/07/IMG_7954-1140x803.jpg 1140w, https://www.archivsuisse.ch/archivsuisse-wp/wp-content/uploads/2021/07/IMG_7954-1536x1082.jpg 1536w, https://www.archivsuisse.ch/archivsuisse-wp/wp-content/uploads/2021/07/IMG_7954-2048x1442.jpg 2048w" sizes="auto, (max-width: 250px) 100vw, 250px" /><strong>Philipp Perego</strong><br />
Mitinhaber und Verwaltungsrat</p>
<p>&nbsp;</p>
<p>&nbsp;</p>
<p><img loading="lazy" decoding="async" class="alignleft wp-image-3261" src="https://www.archivsuisse.ch/archivsuisse-wp/wp-content/uploads/2022/03/vonWerdt_Christophe__2016_Portraet-300x200.jpg" alt="" width="250" height="166" srcset="https://www.archivsuisse.ch/archivsuisse-wp/wp-content/uploads/2022/03/vonWerdt_Christophe__2016_Portraet-300x200.jpg 300w, https://www.archivsuisse.ch/archivsuisse-wp/wp-content/uploads/2022/03/vonWerdt_Christophe__2016_Portraet.jpg 329w" sizes="auto, (max-width: 250px) 100vw, 250px" /></p>
<p><strong>Dr. Christophe v. Werdt</strong><br />
Mitinhaber und Verwaltungsrat</p>
<p>&nbsp;</p>
<p>&nbsp;</p>

<p>Geschichte Im Jahre 2006 gründeten Historikerinnen und Historiker zusammen mit Archivfachleuten unter dem Namen archivbern die Berner Archiv AG, mit</p>
